{"id":1923,"date":"2017-02-09T19:39:17","date_gmt":"2017-02-09T18:39:17","guid":{"rendered":"http:\/\/chanteur-italien.fr\/?page_id=1923"},"modified":"2023-11-07T12:12:02","modified_gmt":"2023-11-07T11:12:02","slug":"orchestre-italien-musiciens-italiens-chansons-napolitaines-calabraises-siciliennes-romaines-italiennes-swing-italien-rumba-napolitaine-slow","status":"publish","type":"page","link":"https:\/\/chanteur-italien.fr\/index.php\/orchestre-italien-musiciens-italiens-chansons-napolitaines-calabraises-siciliennes-romaines-italiennes-swing-italien-rumba-napolitaine-slow\/","title":{"rendered":"Ev\u00e9nement"},"content":{"rendered":"<h1>Ev\u00e9nement<\/h1>\n<h4>Nous vous proposons tous types d\u2019\u00e9v\u00e9nements \u00e0 consonance italienne !<\/h4>\n<h4>Animation de cocktail,&nbsp;de soir\u00e9e de mariages, anniversaires,&nbsp;bapt\u00eames, comit\u00e9s d\u2019entreprises, inaugurations, soir\u00e9es \u00e0 th\u00e8me,&nbsp;repas de famille, concerts&#8230;<\/h4>\n<h4>&nbsp;<\/h4>\n<h4>Naturellement,&nbsp;pour que&nbsp;la f\u00eate soit encore plus authentique, nous vous proposons d&rsquo;animer la soir\u00e9e en italien! Si vous le souhaitez bien s\u00fbr!<\/h4>\n<h4>Nous sommes des musiciens d&rsquo;origine, de langue et de culture italienne. Notre r\u00e9pertoire est vari\u00e9 et adapt\u00e9 \u00e0 la circonstance ! Nous vous proposons la&nbsp;formule Solo&nbsp;&nbsp;Chanteur, pianiste, saxophoniste la&nbsp;formule Duo&nbsp;avec un&nbsp;mandoliniste -guitariste-chanteur et la formule Trio avec un saxophoniste ou un saxophoniste fl\u00fbtiste.<\/h4>\n<h4>&nbsp;<\/h4>\n<h4><span style=\"color: #808000;\">Le Duo Domgi\u00e0<\/span> est n\u00e9 de la volont\u00e9 de proposer \u00e0 un public assez large, un r\u00e9pertoire originale et de qualit\u00e9.<\/h4>\n<h4 style=\"font-weight: inherit;\">L&rsquo;envie de diffuser la&nbsp;bonne&nbsp;musique italienne a r\u00e9uni deux musiciens de la r\u00e9gion lyonnaise, Dom Battaglia et Giacomo Anastasi, tout deux originaires du Sud de l&rsquo;Italie, pour faire des programmes divers et vari\u00e9s pour concerts et soir\u00e9es priv\u00e9es. Tous les ingr\u00e9dients pour un bon concert, une belle soir\u00e9e italienne, sont r\u00e9unis!<\/h4>\n<h4>A commencer par &nbsp;l&rsquo;accent des musiciens!<\/h4>\n<h4>Et oui ce sont des musiciens qui se sont enti\u00e8rement form\u00e9s en Italie! Dom Battaglia Dipl\u00f4m\u00e9 du conservatoire de musique Stanislao Giacomantonio de Cosenza, et Giacomo Anastasi qui s&rsquo;est form\u00e9 au sein de plusieurs groupes populaires de Sicile.<\/h4>\n<h4 style=\"font-weight: inherit;\">Un m\u00e9lange de voix, de timbres et de cultures. Dom avec sa voix de t\u00e9nor claire e vibrante vous fera voyager avec les plus grands aires napolitaines et les Slow italiens! Giacomo \u00e0 la voix plus grave est la typique voix de cantautore italiano.<\/h4>\n<h4 style=\"font-weight: inherit;\">L&rsquo;un pianiste, chanteur, saxophoniste,&nbsp;l&rsquo;autre guitariste, mandoliniste, chanteur!<\/h4>\n<h4 style=\"font-weight: inherit;\">Le m\u00e9lange des deux voix est un cocktail explosif!<\/h4>\n<h4 style=\"font-weight: inherit;\">Notre r\u00e9pertoire ne se limite seulement aux chansons connus en France, tel que L&rsquo;italiano, Volare, Ti Amo, Eros Ramazzotti\u2026<\/h4>\n<h4>Notre but est de proposer un large panel de musique pour chaque \u00e9v\u00e9nement public ou priv\u00e9!<\/h4>\n<h4>Nous proposition des concerts dans des salles de spectacles, pour des festivals, Pour les saisons culturelles. Nous proposons Egalement des prestations pour de soir\u00e9es priv\u00e9es, telle que mariages, anniversaires, bapt\u00eames, soir\u00e9es d&rsquo;entreprises.<\/h4>\n<div>&nbsp;<\/div>\n<h2>&nbsp;<\/h2>\n<div>&nbsp;<\/div>\n<div>&nbsp;<\/div>\n<div>&nbsp;<\/div>\n<div>&nbsp;<\/div>\n<div>&nbsp;<\/div>\n<div>&nbsp;<\/div>\n<div>&nbsp;<\/div>\n<div>&nbsp;<\/div>\n<div>&nbsp;<\/div>\n<div>&nbsp;<\/div>\n<div>&nbsp;<\/div>\n<div>&nbsp;<\/div>\n<div class=\"updated\" style=\"text-align: left;\">&nbsp;<\/div>\n<h4 class=\"updated\" style=\"text-align: left;\">&nbsp;<\/h4>\n<p><\/p>\n<div class=\"updated\" style=\"text-align: left;\">&nbsp;<\/div>\n<div class=\"updated\" style=\"text-align: left;\">&nbsp;<\/div>\n<div class=\"updated\" style=\"text-align: left;\">&nbsp;<\/div>\n<div class=\"updated\" style=\"text-align: left;\">&nbsp;<\/div>\n<div class=\"updated\" style=\"text-align: left;\">&nbsp;<\/div>\n<div class=\"updated\" style=\"text-align: left;\">&nbsp;<\/div>\n<div class=\"updated\" style=\"text-align: left;\">&nbsp;<\/div>\n<div class=\"updated\" style=\"text-align: left;\">&nbsp;<\/div>\n<div class=\"updated\" style=\"text-align: left;\">&nbsp;<\/div>\n<div class=\"updated\" style=\"text-align: left;\"><span style=\"color: #000000;\">&nbsp;<\/span><\/div>\n<h6 class=\"updated\"><span style=\"color: #ffffff;\">le bon mot cl\u00e9<\/span><\/h6>\n<p><span style=\"color: #ffffff;\">Orchestre italien, musiciens italiens,&nbsp;Orchestre italien, musiciens italiens,&nbsp;Orchestre italien, musiciens italiens,&nbsp;Orchestre italien, musiciens italiens,<\/span><\/p>\n<div class=\"updated\"><span style=\"color: #ffffff;\">Orchestre italien, musiciens italiens,&nbsp;Orchestre italien, musiciens italiens,&nbsp;Orchestre italien, musiciens italiens,&nbsp;Orchestre italien, musiciens italiens,<\/span><\/div>\n\n\n<figure class=\"wp-block-image is-resized\"><a href=\"https:\/\/www.instagram.com\/lentrenous\/\"><img loading=\"lazy\" decoding=\"async\" src=\"https:\/\/chanteur-italien.fr\/wp-content\/uploads\/2019\/10\/t\u00e9l\u00e9chargement.jpg\" alt=\"\" class=\"wp-image-2856\" width=\"93\" height=\"93\" srcset=\"https:\/\/chanteur-italien.fr\/wp-content\/uploads\/2019\/10\/t\u00e9l\u00e9chargement.jpg 220w, https:\/\/chanteur-italien.fr\/wp-content\/uploads\/2019\/10\/t\u00e9l\u00e9chargement-130x130.jpg 130w, https:\/\/chanteur-italien.fr\/wp-content\/uploads\/2019\/10\/t\u00e9l\u00e9chargement-50x50.jpg 50w, https:\/\/chanteur-italien.fr\/wp-content\/uploads\/2019\/10\/t\u00e9l\u00e9chargement-150x150.jpg 150w\" sizes=\"(max-width: 93px) 100vw, 93px\" \/><\/a><\/figure>\n\n\n\n<figure class=\"wp-block-image size-large is-resized\"><img loading=\"lazy\" decoding=\"async\" src=\"https:\/\/chanteur-italien.fr\/wp-content\/uploads\/2023\/11\/facebook-50x50.jpg\" alt=\"\" class=\"wp-image-3061\" width=\"91\" height=\"91\" srcset=\"https:\/\/chanteur-italien.fr\/wp-content\/uploads\/2023\/11\/facebook-50x50.jpg 50w, https:\/\/chanteur-italien.fr\/wp-content\/uploads\/2023\/11\/facebook-130x130.jpg 130w, https:\/\/chanteur-italien.fr\/wp-content\/uploads\/2023\/11\/facebook-150x150.jpg 150w, https:\/\/chanteur-italien.fr\/wp-content\/uploads\/2023\/11\/facebook.jpg 300w\" sizes=\"(max-width: 91px) 100vw, 91px\" \/><\/figure>\n\n\n\n<figure class=\"wp-block-image size-large is-resized\"><a href=\"https:\/\/www.youtube.com\/@chanteuritalien9623\" target=\"_blank\" rel=\"noopener\"><img loading=\"lazy\" decoding=\"async\" src=\"https:\/\/chanteur-italien.fr\/wp-content\/uploads\/2023\/11\/pngimg.com-youtube_PNG102349.333333-50x50.png\" alt=\"\" class=\"wp-image-3067\" width=\"89\" height=\"89\" srcset=\"https:\/\/chanteur-italien.fr\/wp-content\/uploads\/2023\/11\/pngimg.com-youtube_PNG102349.333333-50x50.png 50w, https:\/\/chanteur-italien.fr\/wp-content\/uploads\/2023\/11\/pngimg.com-youtube_PNG102349.333333-130x130.png 130w, https:\/\/chanteur-italien.fr\/wp-content\/uploads\/2023\/11\/pngimg.com-youtube_PNG102349.333333-500x500.png 500w, https:\/\/chanteur-italien.fr\/wp-content\/uploads\/2023\/11\/pngimg.com-youtube_PNG102349.333333-400x400.png 400w, https:\/\/chanteur-italien.fr\/wp-content\/uploads\/2023\/11\/pngimg.com-youtube_PNG102349.333333-150x150.png 150w, https:\/\/chanteur-italien.fr\/wp-content\/uploads\/2023\/11\/pngimg.com-youtube_PNG102349.333333-1533x1536.png 1533w, https:\/\/chanteur-italien.fr\/wp-content\/uploads\/2023\/11\/pngimg.com-youtube_PNG102349.333333-2044x2048.png 2044w\" sizes=\"(max-width: 89px) 100vw, 89px\" \/><\/a><\/figure>\n\n\n\n<h4 class=\"wp-block-heading\"><\/h4>\n\n\n\n<p><\/p>\n","protected":false},"excerpt":{"rendered":"<p>Ev\u00e9nement Nous vous proposons tous types d\u2019\u00e9v\u00e9nements \u00e0 consonance italienne ! Animation de cocktail,&nbsp;de soir\u00e9e de mariages, anniversaires,&nbsp;bapt\u00eames, comit\u00e9s d\u2019entreprises, inaugurations, soir\u00e9es \u00e0 th\u00e8me,&nbsp;repas de famille, concerts&#8230; &nbsp; Naturellement,&nbsp;pour que&nbsp;la f\u00eate soit encore plus authentique, nous vous proposons d&rsquo;animer la soir\u00e9e en italien! Si vous le souhaitez bien s\u00fbr! Nous&#8230;<\/p>\n","protected":false},"author":1,"featured_media":0,"parent":0,"menu_order":0,"comment_status":"closed","ping_status":"closed","template":"","meta":{"_monsterinsights_skip_tracking":false,"_monsterinsights_sitenote_active":false,"_monsterinsights_sitenote_note":"","_monsterinsights_sitenote_category":0,"footnotes":""},"_links":{"self":[{"href":"https:\/\/chanteur-italien.fr\/index.php\/wp-json\/wp\/v2\/pages\/1923"}],"collection":[{"href":"https:\/\/chanteur-italien.fr\/index.php\/wp-json\/wp\/v2\/pages"}],"about":[{"href":"https:\/\/chanteur-italien.fr\/index.php\/wp-json\/wp\/v2\/types\/page"}],"author":[{"embeddable":true,"href":"https:\/\/chanteur-italien.fr\/index.php\/wp-json\/wp\/v2\/users\/1"}],"replies":[{"embeddable":true,"href":"https:\/\/chanteur-italien.fr\/index.php\/wp-json\/wp\/v2\/comments?post=1923"}],"version-history":[{"count":47,"href":"https:\/\/chanteur-italien.fr\/index.php\/wp-json\/wp\/v2\/pages\/1923\/revisions"}],"predecessor-version":[{"id":3071,"href":"https:\/\/chanteur-italien.fr\/index.php\/wp-json\/wp\/v2\/pages\/1923\/revisions\/3071"}],"wp:attachment":[{"href":"https:\/\/chanteur-italien.fr\/index.php\/wp-json\/wp\/v2\/media?parent=1923"}],"curies":[{"name":"wp","href":"https:\/\/api.w.org\/{rel}","templated":true}]}}