{"id":2415,"date":"2018-11-28T22:57:01","date_gmt":"2018-11-28T21:57:01","guid":{"rendered":"http:\/\/chanteur-italien.fr\/?page_id=2415"},"modified":"2023-10-25T16:48:01","modified_gmt":"2023-10-25T15:48:01","slug":"home","status":"publish","type":"page","link":"https:\/\/chanteur-italien.fr\/index.php\/home\/","title":{"rendered":"Home"},"content":{"rendered":"<h3 style=\"text-align: left;\">Chanteur \u00e0 la\u00a0voix\u00a0envo\u00fbtante \u00a0qui respire toute l\u2019Italie ! Dom Battaglia est n\u00e9 en Italie o\u00f9 il\u00a0a fait toute sa formation musicale et\u00a0obtenu\u00a0le\u00a0dipl\u00f4me\u00a0du conservatoire de musique \u00a0de Cosenza en 1994. Chanteur, saxophoniste, pianiste, Dom vous propose des concerts et diff\u00e9rents\u00a0types de prestations \u00e0 l\u2019accent italien ! Chansons traditionnelles et chansons actuelles en formule Solo, Duo, Trio. Chansons napolitaines, calabraises, siciliennes, romaines.\u00a0S\u00e9r\u00e9nades, Tarentelles, Rumba napolitaine, les chansons \u00e0 voix, les grands standards..<\/h3>\n","protected":false},"excerpt":{"rendered":"<p>Chanteur \u00e0 la\u00a0voix\u00a0envo\u00fbtante \u00a0qui respire toute l\u2019Italie ! Dom Battaglia est n\u00e9 en Italie o\u00f9 il\u00a0a fait toute sa formation musicale et\u00a0obtenu\u00a0le\u00a0dipl\u00f4me\u00a0du conservatoire de musique \u00a0de Cosenza en 1994. Chanteur, saxophoniste, pianiste, Dom vous propose des concerts et diff\u00e9rents\u00a0types de prestations \u00e0 l\u2019accent italien ! Chansons traditionnelles et chansons actuelles&#8230;<\/p>\n","protected":false},"author":1,"featured_media":0,"parent":0,"menu_order":0,"comment_status":"closed","ping_status":"closed","template":"","meta":{"_monsterinsights_skip_tracking":false,"_monsterinsights_sitenote_active":false,"_monsterinsights_sitenote_note":"","_monsterinsights_sitenote_category":0,"footnotes":""},"_links":{"self":[{"href":"https:\/\/chanteur-italien.fr\/index.php\/wp-json\/wp\/v2\/pages\/2415"}],"collection":[{"href":"https:\/\/chanteur-italien.fr\/index.php\/wp-json\/wp\/v2\/pages"}],"about":[{"href":"https:\/\/chanteur-italien.fr\/index.php\/wp-json\/wp\/v2\/types\/page"}],"author":[{"embeddable":true,"href":"https:\/\/chanteur-italien.fr\/index.php\/wp-json\/wp\/v2\/users\/1"}],"replies":[{"embeddable":true,"href":"https:\/\/chanteur-italien.fr\/index.php\/wp-json\/wp\/v2\/comments?post=2415"}],"version-history":[{"count":2,"href":"https:\/\/chanteur-italien.fr\/index.php\/wp-json\/wp\/v2\/pages\/2415\/revisions"}],"predecessor-version":[{"id":2875,"href":"https:\/\/chanteur-italien.fr\/index.php\/wp-json\/wp\/v2\/pages\/2415\/revisions\/2875"}],"wp:attachment":[{"href":"https:\/\/chanteur-italien.fr\/index.php\/wp-json\/wp\/v2\/media?parent=2415"}],"curies":[{"name":"wp","href":"https:\/\/api.w.org\/{rel}","templated":true}]}}